{"id":11,"date":"2020-04-06T23:29:46","date_gmt":"2020-04-07T02:29:46","guid":{"rendered":"http:\/\/powertecequipamentos.com.br\/?page_id=11"},"modified":"2020-10-06T16:30:52","modified_gmt":"2020-10-06T19:30:52","slug":"powertec","status":"publish","type":"page","link":"https:\/\/powertecequipamentos.com.br\/index.php\/powertec\/","title":{"rendered":"PowerTec"},"content":{"rendered":"\t\t<div data-elementor-type=\"wp-page\" data-elementor-id=\"11\" class=\"elementor elementor-11\" data-elementor-settings=\"[]\">\n\t\t\t<div class=\"elementor-inner\">\n\t\t\t\t<div class=\"elementor-section-wrap\">\n\t\t\t\t\t\t\t<section class=\"elementor-element elementor-element-e53afe8 elementor-section-boxed elementor-section-height-default elementor-section-height-default elementor-section elementor-top-section\" data-id=\"e53afe8\" data-element_type=\"section\">\n\t\t\t\t\t\t<div class=\"elementor-container elementor-column-gap-default\">\n\t\t\t\t<div class=\"elementor-row\">\n\t\t\t\t<div class=\"elementor-element elementor-element-0c8d227 elementor-column elementor-col-100 elementor-top-column\" data-id=\"0c8d227\" data-element_type=\"column\">\n\t\t\t<div class=\"elementor-column-wrap  elementor-element-populated\">\n\t\t\t\t\t<div class=\"elementor-widget-wrap\">\n\t\t\t\t<div class=\"elementor-element elementor-element-9b99807 elementor-widget elementor-widget-heading\" data-id=\"9b99807\" data-element_type=\"widget\" data-widget_type=\"heading.default\">\n\t\t\t\t<div class=\"elementor-widget-container\">\n\t\t\t<h2 class=\"elementor-heading-title elementor-size-default\">Nossa Empresa<\/h2>\t\t<\/div>\n\t\t\t\t<\/div>\n\t\t\t\t<section class=\"elementor-element elementor-element-2928158 elementor-section-boxed elementor-section-height-default elementor-section-height-default elementor-section elementor-inner-section\" data-id=\"2928158\" data-element_type=\"section\">\n\t\t\t\t\t\t<div class=\"elementor-container elementor-column-gap-default\">\n\t\t\t\t<div class=\"elementor-row\">\n\t\t\t\t<div class=\"elementor-element elementor-element-03e6824 elementor-column elementor-col-50 elementor-inner-column\" data-id=\"03e6824\" data-element_type=\"column\">\n\t\t\t<div class=\"elementor-column-wrap  elementor-element-populated\">\n\t\t\t\t\t<div class=\"elementor-widget-wrap\">\n\t\t\t\t<div class=\"elementor-element elementor-element-e9e9f75 elementor-widget elementor-widget-text-editor\" data-id=\"e9e9f75\" data-element_type=\"widget\" data-widget_type=\"text-editor.default\">\n\t\t\t\t<div class=\"elementor-widget-container\">\n\t\t\t\t\t<div class=\"elementor-text-editor elementor-clearfix\"><p>&nbsp;Fundada por Alan Fernando, no ano de 2015,&nbsp; a POWER TEC \u00e9 uma representante autorizada&nbsp; IMAP, a ind\u00fastria com a maior diversidade de equipamentos hidr\u00e1ulicos da Am\u00e9rica Latina.&nbsp;<\/p>\n<p>Trabalhamos com a comercializa\u00e7\u00e3o de equipamentos, assim como na fabrica\u00e7\u00e3o de pe\u00e7as de reposi\u00e7\u00e3o e manuten\u00e7\u00e3o de todas. Contamos com uma equipe especializada em todas as \u00e1reas de atua\u00e7\u00e3o da empresa.<\/p>\n<p>Trabalhamos dia ap\u00f3s dia, com objetivo claro de comprometimento em nossa representa\u00e7\u00e3o, para que com isso, alcan\u00e7amos a excel\u00eancia no mercado e a satisfa\u00e7\u00e3o dos nossos clientes.<\/p>\n<p><\/p><\/div>\n\t\t\t\t<\/div>\n\t\t\t\t<\/div>\n\t\t\t\t<div class=\"elementor-element elementor-element-ef7fda8 elementor-widget elementor-widget-text-editor\" data-id=\"ef7fda8\" data-element_type=\"widget\" data-widget_type=\"text-editor.default\">\n\t\t\t\t<div class=\"elementor-widget-container\">\n\t\t\t\t\t<div class=\"elementor-text-editor elementor-clearfix\"><\/div>\n\t\t\t\t<\/div>\n\t\t\t\t<\/div>\n\t\t\t\t\t\t<\/div>\n\t\t\t<\/div>\n\t\t<\/div>\n\t\t\t\t<div class=\"elementor-element elementor-element-7d8f22a elementor-column elementor-col-50 elementor-inner-column\" data-id=\"7d8f22a\" data-element_type=\"column\">\n\t\t\t<div class=\"elementor-column-wrap  elementor-element-populated\">\n\t\t\t\t\t<div class=\"elementor-widget-wrap\">\n\t\t\t\t<div class=\"elementor-element elementor-element-32b0ce9 elementor-widget elementor-widget-image\" data-id=\"32b0ce9\" data-element_type=\"widget\" data-widget_type=\"image.default\">\n\t\t\t\t<div class=\"elementor-widget-container\">\n\t\t\t\t\t<div class=\"elementor-image\">\n\t\t\t\t\t\t\t\t\t\t<img width=\"1024\" height=\"614\" src=\"https:\/\/powertecequipamentos.com.br\/wp-content\/uploads\/2020\/07\/Design-sem-nome-9-1024x614.png\" class=\"attachment-large size-large\" alt=\"\" decoding=\"async\" loading=\"lazy\" srcset=\"https:\/\/powertecequipamentos.com.br\/wp-content\/uploads\/2020\/07\/Design-sem-nome-9-1024x614.png 1024w, https:\/\/powertecequipamentos.com.br\/wp-content\/uploads\/2020\/07\/Design-sem-nome-9-300x180.png 300w, https:\/\/powertecequipamentos.com.br\/wp-content\/uploads\/2020\/07\/Design-sem-nome-9-768x461.png 768w, https:\/\/powertecequipamentos.com.br\/wp-content\/uploads\/2020\/07\/Design-sem-nome-9-1536x922.png 1536w, https:\/\/powertecequipamentos.com.br\/wp-content\/uploads\/2020\/07\/Design-sem-nome-9-2048x1229.png 2048w, https:\/\/powertecequipamentos.com.br\/wp-content\/uploads\/2020\/07\/Design-sem-nome-9-1800x1080.png 1800w\" sizes=\"(max-width: 1024px) 100vw, 1024px\" \/>\t\t\t\t\t\t\t\t\t\t\t<\/div>\n\t\t\t\t<\/div>\n\t\t\t\t<\/div>\n\t\t\t\t\t\t<\/div>\n\t\t\t<\/div>\n\t\t<\/div>\n\t\t\t\t\t\t<\/div>\n\t\t\t<\/div>\n\t\t<\/section>\n\t\t\t\t\t\t<\/div>\n\t\t\t<\/div>\n\t\t<\/div>\n\t\t\t\t\t\t<\/div>\n\t\t\t<\/div>\n\t\t<\/section>\n\t\t\t\t<section class=\"elementor-element elementor-element-1ea1170 elementor-section-boxed elementor-section-height-default elementor-section-height-default elementor-section elementor-top-section\" data-id=\"1ea1170\" data-element_type=\"section\">\n\t\t\t\t\t\t<div class=\"elementor-container elementor-column-gap-default\">\n\t\t\t\t<div class=\"elementor-row\">\n\t\t\t\t<div class=\"elementor-element elementor-element-7ddc939 elementor-column elementor-col-100 elementor-top-column\" data-id=\"7ddc939\" data-element_type=\"column\">\n\t\t\t<div class=\"elementor-column-wrap  elementor-element-populated\">\n\t\t\t\t\t<div class=\"elementor-widget-wrap\">\n\t\t\t\t<div class=\"elementor-element elementor-element-374cf2a elementor-widget elementor-widget-text-editor\" data-id=\"374cf2a\" data-element_type=\"widget\" data-widget_type=\"text-editor.default\">\n\t\t\t\t<div class=\"elementor-widget-container\">\n\t\t\t\t\t<div class=\"elementor-text-editor elementor-clearfix\"><\/div>\n\t\t\t\t<\/div>\n\t\t\t\t<\/div>\n\t\t\t\t\t\t<\/div>\n\t\t\t<\/div>\n\t\t<\/div>\n\t\t\t\t\t\t<\/div>\n\t\t\t<\/div>\n\t\t<\/section>\n\t\t\t\t<section class=\"elementor-element elementor-element-29b6310 elementor-section-boxed elementor-section-height-default elementor-section-height-default elementor-section elementor-top-section\" data-id=\"29b6310\" data-element_type=\"section\">\n\t\t\t\t\t\t<div class=\"elementor-container elementor-column-gap-default\">\n\t\t\t\t<div class=\"elementor-row\">\n\t\t\t\t<div class=\"elementor-element elementor-element-2b73cb4 elementor-column elementor-col-100 elementor-top-column\" data-id=\"2b73cb4\" data-element_type=\"column\">\n\t\t\t<div class=\"elementor-column-wrap  elementor-element-populated\">\n\t\t\t\t\t<div class=\"elementor-widget-wrap\">\n\t\t\t\t<div class=\"elementor-element elementor-element-36d94c6 elementor-widget elementor-widget-text-editor\" data-id=\"36d94c6\" data-element_type=\"widget\" data-widget_type=\"text-editor.default\">\n\t\t\t\t<div class=\"elementor-widget-container\">\n\t\t\t\t\t<div class=\"elementor-text-editor elementor-clearfix\"><p><a class=\"custom-logo-link\" style=\"color: #2ebcfc; font-family: 'Open Sans', sans-serif; background-color: #ffffff;\" href=\"http:\/\/powertecequipamentos.com.br\/\" rel=\"home\" data-type=\"group\" data-dynamic-mod=\"true\"><img decoding=\"async\" loading=\"lazy\" class=\"custom-logo\" src=\"http:\/\/powertecequipamentos.com.br\/wp-content\/uploads\/2020\/04\/cropped-Logo-PowerTec-P.png\" sizes=\"(max-width: 4088px) 100vw, 4088px\" srcset=\"http:\/\/powertecequipamentos.com.br\/wp-content\/uploads\/2020\/04\/cropped-Logo-PowerTec-P.png 4088w, http:\/\/powertecequipamentos.com.br\/wp-content\/uploads\/2020\/04\/cropped-Logo-PowerTec-P-300x57.png 300w, http:\/\/powertecequipamentos.com.br\/wp-content\/uploads\/2020\/04\/cropped-Logo-PowerTec-P-1024x193.png 1024w, http:\/\/powertecequipamentos.com.br\/wp-content\/uploads\/2020\/04\/cropped-Logo-PowerTec-P-768x145.png 768w, http:\/\/powertecequipamentos.com.br\/wp-content\/uploads\/2020\/04\/cropped-Logo-PowerTec-P-1536x290.png 1536w, http:\/\/powertecequipamentos.com.br\/wp-content\/uploads\/2020\/04\/cropped-Logo-PowerTec-P-2048x387.png 2048w, http:\/\/powertecequipamentos.com.br\/wp-content\/uploads\/2020\/04\/cropped-Logo-PowerTec-P-1920x363.png 1920w\" alt=\"Power Tec Equipamentos\" width=\"4088\" height=\"772\"><\/a>&nbsp;<\/p><p><br><\/p>\n<p><\/p>\n<p>&nbsp;&nbsp; &nbsp; &nbsp; &nbsp; &nbsp; &nbsp; &nbsp; &nbsp; &nbsp; &nbsp; &nbsp; &nbsp; &nbsp; &nbsp; &nbsp; &nbsp; &nbsp; &nbsp; &nbsp;<span style=\"color: #4d4d4d; font-size: 2.5rem; font-weight: 600; text-align: right; background-color: #fafff9;\">Representante&nbsp;<\/span><span style=\"color: rgb(77, 77, 77); font-size: 2.5rem; font-weight: 600; text-align: right; background-color: rgb(250, 255, 249);\">Autorizado&nbsp; &nbsp;<\/span><\/p>\n<p><span style=\"color: rgb(77, 77, 77); font-size: 2.5rem; font-weight: 600; text-align: right; background-color: rgb(250, 255, 249);\"><br><\/span><\/p>\n<p><img decoding=\"async\" loading=\"lazy\" width=\"300\" height=\"67\" src=\"https:\/\/tsrsolucoes.com.br\/wp-content\/uploads\/2020\/04\/Logo-300x67.png\" class=\"attachment-medium size-medium\" alt=\"IMAP Ind\u00fastria\" srcset=\"https:\/\/tsrsolucoes.com.br\/wp-content\/uploads\/2020\/04\/Logo-300x67.png 300w, https:\/\/tsrsolucoes.com.br\/wp-content\/uploads\/2020\/04\/Logo-1024x229.png 1024w, https:\/\/tsrsolucoes.com.br\/wp-content\/uploads\/2020\/04\/Logo-768x172.png 768w, https:\/\/tsrsolucoes.com.br\/wp-content\/uploads\/2020\/04\/Logo-1536x344.png 1536w, https:\/\/tsrsolucoes.com.br\/wp-content\/uploads\/2020\/04\/Logo-1920x430.png 1920w, https:\/\/tsrsolucoes.com.br\/wp-content\/uploads\/2020\/04\/Logo.png 2008w\" sizes=\"(max-width: 300px) 100vw, 300px\" style=\"vertical-align: middle; display: inline-block; color: rgb(142, 157, 174); font-family: &quot;Open Sans&quot;, sans-serif; font-size: 16px; background-color: rgb(250, 255, 249);\"><span style=\"color: rgb(77, 77, 77); font-size: 2.5rem; font-weight: 600; text-align: right; background-color: rgb(250, 255, 249);\"><br><\/span><\/p><\/div>\n\t\t\t\t<\/div>\n\t\t\t\t<\/div>\n\t\t\t\t\t\t<\/div>\n\t\t\t<\/div>\n\t\t<\/div>\n\t\t\t\t\t\t<\/div>\n\t\t\t<\/div>\n\t\t<\/section>\n\t\t\t\t\t\t<\/div>\n\t\t\t<\/div>\n\t\t<\/div>\n\t\t","protected":false},"excerpt":{"rendered":"<p>Nossa Empresa &nbsp;Fundada por Alan Fernando, no ano de 2015,&nbsp; a POWER TEC \u00e9 uma representante autorizada&nbsp; IMAP, a ind\u00fastria com a maior diversidade de equipamentos hidr\u00e1ulicos da Am\u00e9rica Latina.&nbsp; Trabalhamos com a comercializa\u00e7\u00e3o de equipamentos, assim como na fabrica\u00e7\u00e3o de pe\u00e7as de reposi\u00e7\u00e3o e manuten\u00e7\u00e3o de todas. Contamos com uma equipe especializada em todas&hellip; <br \/> <a class=\"read-more\" href=\"https:\/\/powertecequipamentos.com.br\/index.php\/powertec\/\">Read more<\/a><\/p>\n","protected":false},"author":1,"featured_media":0,"parent":0,"menu_order":0,"comment_status":"closed","ping_status":"closed","template":"","meta":[],"_links":{"self":[{"href":"https:\/\/powertecequipamentos.com.br\/index.php\/wp-json\/wp\/v2\/pages\/11"}],"collection":[{"href":"https:\/\/powertecequipamentos.com.br\/index.php\/wp-json\/wp\/v2\/pages"}],"about":[{"href":"https:\/\/powertecequipamentos.com.br\/index.php\/wp-json\/wp\/v2\/types\/page"}],"author":[{"embeddable":true,"href":"https:\/\/powertecequipamentos.com.br\/index.php\/wp-json\/wp\/v2\/users\/1"}],"replies":[{"embeddable":true,"href":"https:\/\/powertecequipamentos.com.br\/index.php\/wp-json\/wp\/v2\/comments?post=11"}],"version-history":[{"count":22,"href":"https:\/\/powertecequipamentos.com.br\/index.php\/wp-json\/wp\/v2\/pages\/11\/revisions"}],"predecessor-version":[{"id":521,"href":"https:\/\/powertecequipamentos.com.br\/index.php\/wp-json\/wp\/v2\/pages\/11\/revisions\/521"}],"wp:attachment":[{"href":"https:\/\/powertecequipamentos.com.br\/index.php\/wp-json\/wp\/v2\/media?parent=11"}],"curies":[{"name":"wp","href":"https:\/\/api.w.org\/{rel}","templated":true}]}}